{"id":1536,"date":"2014-05-19T13:14:11","date_gmt":"2014-05-19T11:14:11","guid":{"rendered":"http:\/\/www.noisy-edv.de\/TTC\/wordpress\/?page_id=1536"},"modified":"2020-10-05T15:33:27","modified_gmt":"2020-10-05T13:33:27","slug":"2014-2","status":"publish","type":"page","link":"https:\/\/www.noisy-edv.de\/TTC\/wordpress\/?page_id=1536","title":{"rendered":"2014"},"content":{"rendered":"<p>Im <strong>Doppelwettbewerb <\/strong>nahmen <strong>17<\/strong> Doppelpaare (Einstellung Vereinsrekord!) teil.&nbsp; In&nbsp;4 Gruppen wurden die besten Doppel ermittelt, die sich dann im Halbfinale und Finale miteinander messen mussten. Sieger wurden&nbsp;<strong>David Die\u00dfel<\/strong>&nbsp;und <strong>Kai Die\u00dfel<\/strong>, die sich im Finale gegen&nbsp;David Schmitz&nbsp;und&nbsp;David Reupke&nbsp;durchsetzten. Der 3.Platz ging an&nbsp;Daniel Pratsch&nbsp;und&nbsp;Andr\u00e9 Neumann&nbsp;vor Thorsten Bremer und Jens Borchers.<\/p>\n<p>Im <strong>Jugend-Einzel<\/strong> haben&nbsp;<strong>6<\/strong> Jugendliche mitgemacht.&nbsp;Im Modus Jeder-gegen-Jeden&nbsp;wurde der Vereinsmeister gesucht. Nach spannenden Spielen stand am Ende der Vereinsmeister fest: erneut&nbsp;<strong>Patrick Gerling<\/strong>. Zweiter wurde Kilian Schmidt und Dritter Marvin Beeri. Auf den weiteren Pl\u00e4tzen folgten Cedric H\u00f6fer, Tim Str\u00fcbig und Rouven Schmidt.<\/p>\n<p>Im <strong>M\u00e4dchen-Einzel<\/strong> wurde unter <strong>5<\/strong> Teilnehmern im Modus Jeder-gegen-Jeden&nbsp;die Vereinsmeisterin gesucht.&nbsp;Siegerin wurde <strong>Hanna Holzknecht<\/strong>, Zweite Lisa Gerling und Dritte Sina Nitschke.&nbsp;Auf den weiteren Pl\u00e4tzen folgten&nbsp;Iris&nbsp;K\u00f6hler und Anna K\u00f6hler.<\/p>\n<p>Im <strong>Sch\u00fcler-Einzel<\/strong> haben&nbsp;<strong>10<\/strong> Jugendliche mitgemacht. In zwei 5er Gruppen ging es darum die ersten beiden Pl\u00e4tze zu erreichen, um dann im Halbfinale und Finale den Titel zu holen. In den Halbfinals spielten&nbsp;Stefan Holzknecht&nbsp;gegen Nele Neumeyer und Marie Nitschke gegen Cate Christ. Holzknecht und Nitschke setzten sich durch. Im Finale war&nbsp;<strong>Stefan Holzknecht<\/strong>&nbsp;\u00fcberlegen und wurde Sch\u00fcler-Vereinsmeister. Zweite wurde Marie Nitschke. Das Spiel um Platz 3 gewann Cate Christ gegen Nele Neumeyer, die Vierte wurde. Auf den weiteren Pl\u00e4tzen folgten Mercedes Grell, Colin Christ, Lucas Weniger, Jana Bremer, Laura Litzius und&nbsp;Moritz Wesemann.<\/p>\n<p>Die Vereinsmeisterschaften der Kinder und Jugendlichen&nbsp;erreichten mit <strong>21 <\/strong>Teilnehmern eine neue Bestmarke!<\/p>\n<p>Im <strong>Herren-Einzel<\/strong> wurde mit einem Teilnehmerfeld von <strong>28<\/strong> Spielern (neuer Vereinsrekord!) die Meisterschaft ausgespielt. In 4 Gruppen qualifizierten sich jeweils die beiden Gruppenbesten f\u00fcr die Viertelfinals. In den Halbfinals trafen Alexander Kohl auf David Die\u00dfel und&nbsp;David Schmitz auf David Reupke. Kohl und&nbsp;Schmitz setzten sich in packenden Spielen durch. Das Finale gewann&nbsp;<strong>Alexander Kohl<\/strong>. Zweiter wurde damit David Schmitz. Der 3.Platz ging an&nbsp;David Die\u00dfel&nbsp;vor&nbsp;David Reupke.<\/p>\n<p>Den Wanderpokal f\u00fcr den besten Spieler der unteren Mannschaften (3. bis 6.) gewann&nbsp;&nbsp;<strong>Christian Schimke <\/strong>nach einem Entscheidungsspiel gegen Maik Gremmel.<\/p>\n<p>Den kleinen Wanderpokal f\u00fcr den besten Spieler der untersten Spielklasse gewann <strong>Maik Gremmel<\/strong>.<\/p>\n<p>Im Damen-Einzel-Wettbewerb gewann <strong>Sandra Schmidt-H\u00f6fer <\/strong>vor Sabine Die\u00dfel und Petra Holzknecht.<\/p>\n","protected":false},"excerpt":{"rendered":"<p>Im Doppelwettbewerb nahmen 17 Doppelpaare (Einstellung Vereinsrekord!) teil.&nbsp; In&nbsp;4 Gruppen wurden die besten Doppel ermittelt, die sich dann im Halbfinale und Finale miteinander messen mussten. Sieger wurden&nbsp;David Die\u00dfel&nbsp;und Kai Die\u00dfel, die sich im Finale gegen&nbsp;David Schmitz&nbsp;und&nbsp;David Reupke&nbsp;durchsetzten. Der 3.Platz ging &hellip; <a href=\"https:\/\/www.noisy-edv.de\/TTC\/wordpress\/?page_id=1536\">Weiterlesen <span class=\"meta-nav\">&rarr;<\/span><\/a><\/p>\n","protected":false},"author":1,"featured_media":0,"parent":3557,"menu_order":14,"comment_status":"closed","ping_status":"closed","template":"","meta":{"footnotes":""},"class_list":["post-1536","page","type-page","status-publish","hentry"],"_links":{"self":[{"href":"https:\/\/www.noisy-edv.de\/TTC\/wordpress\/index.php?rest_route=\/wp\/v2\/pages\/1536","targetHints":{"allow":["GET"]}}],"collection":[{"href":"https:\/\/www.noisy-edv.de\/TTC\/wordpress\/index.php?rest_route=\/wp\/v2\/pages"}],"about":[{"href":"https:\/\/www.noisy-edv.de\/TTC\/wordpress\/index.php?rest_route=\/wp\/v2\/types\/page"}],"author":[{"embeddable":true,"href":"https:\/\/www.noisy-edv.de\/TTC\/wordpress\/index.php?rest_route=\/wp\/v2\/users\/1"}],"replies":[{"embeddable":true,"href":"https:\/\/www.noisy-edv.de\/TTC\/wordpress\/index.php?rest_route=%2Fwp%2Fv2%2Fcomments&post=1536"}],"version-history":[{"count":7,"href":"https:\/\/www.noisy-edv.de\/TTC\/wordpress\/index.php?rest_route=\/wp\/v2\/pages\/1536\/revisions"}],"predecessor-version":[{"id":3563,"href":"https:\/\/www.noisy-edv.de\/TTC\/wordpress\/index.php?rest_route=\/wp\/v2\/pages\/1536\/revisions\/3563"}],"up":[{"embeddable":true,"href":"https:\/\/www.noisy-edv.de\/TTC\/wordpress\/index.php?rest_route=\/wp\/v2\/pages\/3557"}],"wp:attachment":[{"href":"https:\/\/www.noisy-edv.de\/TTC\/wordpress\/index.php?rest_route=%2Fwp%2Fv2%2Fmedia&parent=1536"}],"curies":[{"name":"wp","href":"https:\/\/api.w.org\/{rel}","templated":true}]}}