{"id":2553,"date":"2016-12-09T23:09:44","date_gmt":"2016-12-09T22:09:44","guid":{"rendered":"http:\/\/www.noisy-edv.de\/TTC\/wordpress\/?page_id=2553"},"modified":"2020-10-05T15:55:31","modified_gmt":"2020-10-05T13:55:31","slug":"2016-2","status":"publish","type":"page","link":"https:\/\/www.noisy-edv.de\/TTC\/wordpress\/?page_id=2553","title":{"rendered":"2016"},"content":{"rendered":"<p>Das siebte Mini-Turnier f\u00fcr die Kinder und Jugendlichen des Vereins zum Jahresende stand auch dieses Mal wieder ganz im Zeichen von&nbsp;\u201eSpiel und Spa\u00df an komischen Platten\u201c.<\/p>\n<p>12 Teilnehmer wollten es an 6 verschiedenen Plattenstationen wissen. Station 1 war die altbew\u00e4hrte Dschungelplatte (Seile h\u00e4ngen von der Decke bis zum Netz), Station 2 die Spezialplatte (Pappformen auf dem Tisch verteilt), Station 3 die \u201egro\u00dfe\u201c Platte (2 Tische mit Banden als Netz), Station 4 die \u201elange\u201c Platte (zwei Platten hintereinander und Turnkasten als Netz), Station 5 die \u201eschr\u00e4ge\u201c Platte (eine Seite l\u00e4ngs um ca. 20 cm erh\u00f6ht) und Station 6 die \u201egeknickte\u201c Platte (beide Tischvorderkanten um ca. 20 cm erh\u00f6ht). Um es den kleineren Teilnehmern einfacher zu machen und den gr\u00f6\u00dferen schwieriger, mussten die gr\u00f6\u00dferen mit Netzverschiebungen und Plattenhindernissen wie Reifen, Ringen und H\u00fctchen klarkommen. Daher gab es viele spannende und vor allem lustige Duelle.<\/p>\n<p>Die jeweils beiden Gruppenbesten qualifizierten sich nach der Gruppenphase f\u00fcrs Halbfinale, das an einer Mega-Platte (4 Tische) im Doppel ausgetragen wurde. Der Gruppensieger spielte mit dem Gruppenzweiten der anderen Gruppe zusammen und umgekehrt. Das Siegerdoppelteam trat dann im Finale gegeneinander an und das nat\u00fcrlich wieder an der altbekannten kleinen Mini-Platte.<\/p>\n<p>Sieger in diesem Jahr und nun Besitzer einer kleinen Troph\u00e4e ist Paul Reupke. Zweite wurde Mercedes Grell vor den beiden Drittplatzierten Michelle Arnecke und Jolene Lack. Die weiteren Pl\u00e4tze gingen an Rebecca Klar, Fabian Scholz, Lukas Heiduk, Vanessa Gerling, Niklas Kasten, Lukas Wolf, Nils Hermann und Lina Heiduk.<\/p>\n<p>Am Ende gab es die Siegerehrung und jeder Teilnehmer bekam ein kleines Weihnachtsgeschenk. \ud83d\ude00<\/p>\n<p style=\"text-align: center;\"><em>_ _ _<\/em><\/p>\n<p style=\"text-align: center;\"><em>Teilnehmer des Mini-Turniers 2016<\/em><\/p>\n<p style=\"text-align: center;\"><img loading=\"lazy\" decoding=\"async\" width=\"572\" height=\"306\" class=\"aligncenter size-full wp-image-2577\" alt=\"\" src=\"http:\/\/www.noisy-edv.de\/TTC\/wordpress\/wp-content\/uploads\/2016\/12\/image1c.jpg\" srcset=\"https:\/\/www.noisy-edv.de\/TTC\/wordpress\/wp-content\/uploads\/2016\/12\/image1c.jpg 572w, https:\/\/www.noisy-edv.de\/TTC\/wordpress\/wp-content\/uploads\/2016\/12\/image1c-300x160.jpg 300w, https:\/\/www.noisy-edv.de\/TTC\/wordpress\/wp-content\/uploads\/2016\/12\/image1c-500x267.jpg 500w\" sizes=\"auto, (max-width: 572px) 100vw, 572px\" \/><\/p>\n<p>&nbsp;<\/p>\n","protected":false},"excerpt":{"rendered":"<p>Das siebte Mini-Turnier f\u00fcr die Kinder und Jugendlichen des Vereins zum Jahresende stand auch dieses Mal wieder ganz im Zeichen von&nbsp;\u201eSpiel und Spa\u00df an komischen Platten\u201c. 12 Teilnehmer wollten es an 6 verschiedenen Plattenstationen wissen. Station 1 war die altbew\u00e4hrte &hellip; <a href=\"https:\/\/www.noisy-edv.de\/TTC\/wordpress\/?page_id=2553\">Weiterlesen <span class=\"meta-nav\">&rarr;<\/span><\/a><\/p>\n","protected":false},"author":1,"featured_media":0,"parent":3566,"menu_order":3,"comment_status":"closed","ping_status":"closed","template":"","meta":{"footnotes":""},"class_list":["post-2553","page","type-page","status-publish","hentry"],"_links":{"self":[{"href":"https:\/\/www.noisy-edv.de\/TTC\/wordpress\/index.php?rest_route=\/wp\/v2\/pages\/2553","targetHints":{"allow":["GET"]}}],"collection":[{"href":"https:\/\/www.noisy-edv.de\/TTC\/wordpress\/index.php?rest_route=\/wp\/v2\/pages"}],"about":[{"href":"https:\/\/www.noisy-edv.de\/TTC\/wordpress\/index.php?rest_route=\/wp\/v2\/types\/page"}],"author":[{"embeddable":true,"href":"https:\/\/www.noisy-edv.de\/TTC\/wordpress\/index.php?rest_route=\/wp\/v2\/users\/1"}],"replies":[{"embeddable":true,"href":"https:\/\/www.noisy-edv.de\/TTC\/wordpress\/index.php?rest_route=%2Fwp%2Fv2%2Fcomments&post=2553"}],"version-history":[{"count":10,"href":"https:\/\/www.noisy-edv.de\/TTC\/wordpress\/index.php?rest_route=\/wp\/v2\/pages\/2553\/revisions"}],"predecessor-version":[{"id":3571,"href":"https:\/\/www.noisy-edv.de\/TTC\/wordpress\/index.php?rest_route=\/wp\/v2\/pages\/2553\/revisions\/3571"}],"up":[{"embeddable":true,"href":"https:\/\/www.noisy-edv.de\/TTC\/wordpress\/index.php?rest_route=\/wp\/v2\/pages\/3566"}],"wp:attachment":[{"href":"https:\/\/www.noisy-edv.de\/TTC\/wordpress\/index.php?rest_route=%2Fwp%2Fv2%2Fmedia&parent=2553"}],"curies":[{"name":"wp","href":"https:\/\/api.w.org\/{rel}","templated":true}]}}