{"id":2850,"date":"2018-04-23T11:47:43","date_gmt":"2018-04-23T09:47:43","guid":{"rendered":"http:\/\/www.noisy-edv.de\/TTC\/wordpress\/?page_id=2850"},"modified":"2020-10-05T15:31:43","modified_gmt":"2020-10-05T13:31:43","slug":"2018-2","status":"publish","type":"page","link":"https:\/\/www.noisy-edv.de\/TTC\/wordpress\/?page_id=2850","title":{"rendered":"2018"},"content":{"rendered":"<p>Im <strong>Doppelwettbewerb<\/strong> nahmen <strong>16<\/strong> Doppelpaare teil. In 2 Gruppen wurden jeweils die besten 2 Doppelpaare ermittelt, die dann im Halbfinale und Finale gegeneinander antreten durften. Sieger wurden <strong>Thorsten Bremer <\/strong>und <strong>Patrick Gerling<\/strong>, die sich im Finale gegen Burkhard Spie\u00dfl und&nbsp;Kilian Schmidt durchsetzten. Das Spiel um Platz 3&nbsp;gewann Jens Borchers und Martin Die\u00dfel&nbsp;gegen das Doppelpaar Andr\u00e9 Neumann und&nbsp;Daniel Pratsch.<\/p>\n<p>Das <strong>Jugend-Einzel<\/strong> wurde mit&nbsp;<strong>6<\/strong> Teilnehmern&nbsp;im Modus Jeder-gegen-Jeden gespielt. Im anschlie\u00dfenden Halbfinale (Platz 1 &#8211; 4 und Platz 2 &#8211; 3)&nbsp;wurden die Finalisten ermittelt.&nbsp;Das Finale gewann <strong>Paul Reupke<\/strong> gegen Niklas Kasten. Das Spiel um Platz 3 entschied Vanessa Gerling gegen Lukas Wolf f\u00fcr sich. Auf den weiteren Pl\u00e4tzen folgten&nbsp;Nils Hermann und Hannah Kasten.<\/p>\n<p>Im <strong>Herren-Einzel<\/strong> wurde mit einem Teilnehmerfeld von <strong>21 <\/strong>Spielern gespielt. In 4 Gruppen qualifizierten sich jeweils die beiden Gruppenbesten f\u00fcr die Viertelfinals. In den Halbfinals trafen Alexander Kohl auf Marcel Bokelmann und Dennis Schulz auf Andr\u00e9 T\u00f6nnies. Kohl und Schulz setzten sich durch,&nbsp;sodass es eine Neuauflage des Finales aus dem Vorjahr gab.&nbsp;Dieses Spiel gewann erneut&nbsp;<strong>Alexander Kohl<\/strong>. Zweiter wurde damit Dennis Schulz. Das Spiel um Platz 3 gewann Marcel Bokelmann gegen Andr\u00e9 T\u00f6nnies.<\/p>\n<p>Den Wanderpokal f\u00fcr den besten Spieler der unteren Mannschaften (3. bis 5.) gewann <strong>Burkhard Spie\u00dfl<\/strong>, der das Entscheidungsspiel gegen Kilian Schmidt&nbsp;f\u00fcr sich entscheiden konnte.<\/p>\n<p>Den kleinen Wanderpokal f\u00fcr den besten Spieler der untersten Spielklasse gewann <strong>Cedric H\u00f6fer<\/strong>, der den Pokal in diesem Jahr erfolgreich verteidigen konnte.<\/p>\n<p>Das <strong>Damen-Einzel<\/strong> wurde seit langem wieder in einem separaten Wettbewerb mit&nbsp;<strong>7<\/strong> Teilnehmerinnen im Modus Jeder-gegen-Jeden gespielt. Im anschlie\u00dfenden Halbfinale (Platz 1 &#8211; 4 und Platz 2 &#8211; 3) wurden die Finalisten ermittelt. Das Finale gewann&nbsp;<strong>Mona Matussek<\/strong>&nbsp;gegen Sandra Schmidt-H\u00f6fer. Das Spiel um Platz 3 entschied Hanna Holzknecht gegen Lisa Gerling f\u00fcr sich.<\/p>\n<p>Die Teilnehmerzahlen im Herren- und Damen-Einzel zusammengerechnet ergeben&nbsp;insgesamt&nbsp;<strong>28<\/strong> Spieler. (Einstellung Vereinsrekord!)<\/p>\n<p style=\"text-align: center;\">_ _ _<\/p>\n<p style=\"text-align: center;\"><em>Teilnehmer Doppelwettbewerb<\/em><\/p>\n<p style=\"text-align: center;\"><img loading=\"lazy\" decoding=\"async\" width=\"568\" height=\"263\" class=\"aligncenter size-full wp-image-2863\" alt=\"\" src=\"http:\/\/www.noisy-edv.de\/TTC\/wordpress\/wp-content\/uploads\/2018\/04\/VM-1.jpg\" srcset=\"https:\/\/www.noisy-edv.de\/TTC\/wordpress\/wp-content\/uploads\/2018\/04\/VM-1.jpg 568w, https:\/\/www.noisy-edv.de\/TTC\/wordpress\/wp-content\/uploads\/2018\/04\/VM-1-300x139.jpg 300w, https:\/\/www.noisy-edv.de\/TTC\/wordpress\/wp-content\/uploads\/2018\/04\/VM-1-500x232.jpg 500w\" sizes=\"auto, (max-width: 568px) 100vw, 568px\" \/><\/p>\n<p style=\"text-align: center;\">_ _ _<\/p>\n<p style=\"text-align: center;\"><em>Die 16 Doppelpaare<\/em><\/p>\n<p style=\"text-align: center;\"><img loading=\"lazy\" decoding=\"async\" width=\"569\" height=\"427\" class=\"aligncenter size-full wp-image-2864\" alt=\"\" src=\"http:\/\/www.noisy-edv.de\/TTC\/wordpress\/wp-content\/uploads\/2018\/04\/VM-2.jpg\" srcset=\"https:\/\/www.noisy-edv.de\/TTC\/wordpress\/wp-content\/uploads\/2018\/04\/VM-2.jpg 569w, https:\/\/www.noisy-edv.de\/TTC\/wordpress\/wp-content\/uploads\/2018\/04\/VM-2-300x225.jpg 300w, https:\/\/www.noisy-edv.de\/TTC\/wordpress\/wp-content\/uploads\/2018\/04\/VM-2-400x300.jpg 400w\" sizes=\"auto, (max-width: 569px) 100vw, 569px\" \/>_ _ _<\/p>\n<p style=\"text-align: center;\"><em>Sieger Doppel<\/em><\/p>\n<p style=\"text-align: center;\"><img loading=\"lazy\" decoding=\"async\" width=\"569\" height=\"356\" class=\"aligncenter size-full wp-image-2865\" alt=\"\" src=\"http:\/\/www.noisy-edv.de\/TTC\/wordpress\/wp-content\/uploads\/2018\/04\/VM-3.jpg\" srcset=\"https:\/\/www.noisy-edv.de\/TTC\/wordpress\/wp-content\/uploads\/2018\/04\/VM-3.jpg 569w, https:\/\/www.noisy-edv.de\/TTC\/wordpress\/wp-content\/uploads\/2018\/04\/VM-3-300x188.jpg 300w, https:\/\/www.noisy-edv.de\/TTC\/wordpress\/wp-content\/uploads\/2018\/04\/VM-3-479x300.jpg 479w\" sizes=\"auto, (max-width: 569px) 100vw, 569px\" \/>_ _ _<\/p>\n<p style=\"text-align: center;\"><em>Sieger Jugend-Einzel<\/em><\/p>\n<p style=\"text-align: center;\"><img loading=\"lazy\" decoding=\"async\" width=\"569\" height=\"409\" class=\"aligncenter size-full wp-image-2866\" alt=\"\" src=\"http:\/\/www.noisy-edv.de\/TTC\/wordpress\/wp-content\/uploads\/2018\/04\/VM-4.jpg\" srcset=\"https:\/\/www.noisy-edv.de\/TTC\/wordpress\/wp-content\/uploads\/2018\/04\/VM-4.jpg 569w, https:\/\/www.noisy-edv.de\/TTC\/wordpress\/wp-content\/uploads\/2018\/04\/VM-4-300x216.jpg 300w, https:\/\/www.noisy-edv.de\/TTC\/wordpress\/wp-content\/uploads\/2018\/04\/VM-4-417x300.jpg 417w\" sizes=\"auto, (max-width: 569px) 100vw, 569px\" \/>_ _ _<\/p>\n<p style=\"text-align: center;\"><em>Teilnehmer Einzelwettbewerb<\/em><\/p>\n<p style=\"text-align: center;\"><img loading=\"lazy\" decoding=\"async\" width=\"569\" height=\"257\" class=\"aligncenter size-full wp-image-2867\" alt=\"\" src=\"http:\/\/www.noisy-edv.de\/TTC\/wordpress\/wp-content\/uploads\/2018\/04\/VM-5.jpg\" srcset=\"https:\/\/www.noisy-edv.de\/TTC\/wordpress\/wp-content\/uploads\/2018\/04\/VM-5.jpg 569w, https:\/\/www.noisy-edv.de\/TTC\/wordpress\/wp-content\/uploads\/2018\/04\/VM-5-300x136.jpg 300w, https:\/\/www.noisy-edv.de\/TTC\/wordpress\/wp-content\/uploads\/2018\/04\/VM-5-500x226.jpg 500w\" sizes=\"auto, (max-width: 569px) 100vw, 569px\" \/>_ _ _<\/p>\n<p style=\"text-align: center;\"><em>Sieger Herren-Einzel<\/em><\/p>\n<p style=\"text-align: center;\"><img loading=\"lazy\" decoding=\"async\" width=\"567\" height=\"458\" class=\"aligncenter size-full wp-image-2869\" alt=\"\" src=\"http:\/\/www.noisy-edv.de\/TTC\/wordpress\/wp-content\/uploads\/2018\/04\/VM-7.jpg\" srcset=\"https:\/\/www.noisy-edv.de\/TTC\/wordpress\/wp-content\/uploads\/2018\/04\/VM-7.jpg 567w, https:\/\/www.noisy-edv.de\/TTC\/wordpress\/wp-content\/uploads\/2018\/04\/VM-7-300x242.jpg 300w, https:\/\/www.noisy-edv.de\/TTC\/wordpress\/wp-content\/uploads\/2018\/04\/VM-7-371x300.jpg 371w\" sizes=\"auto, (max-width: 567px) 100vw, 567px\" \/><img loading=\"lazy\" decoding=\"async\" width=\"360\" height=\"450\" class=\"aligncenter size-full wp-image-2870\" alt=\"\" src=\"http:\/\/www.noisy-edv.de\/TTC\/wordpress\/wp-content\/uploads\/2018\/04\/VM-8.jpg\" srcset=\"https:\/\/www.noisy-edv.de\/TTC\/wordpress\/wp-content\/uploads\/2018\/04\/VM-8.jpg 360w, https:\/\/www.noisy-edv.de\/TTC\/wordpress\/wp-content\/uploads\/2018\/04\/VM-8-240x300.jpg 240w\" sizes=\"auto, (max-width: 360px) 100vw, 360px\" \/>_ _ _<\/p>\n<p style=\"text-align: center;\"><em>Sieger Damen-Einzel<img loading=\"lazy\" decoding=\"async\" width=\"454\" height=\"499\" class=\"aligncenter size-full wp-image-2898\" alt=\"\" src=\"http:\/\/www.noisy-edv.de\/TTC\/wordpress\/wp-content\/uploads\/2018\/04\/1524654575278-c.jpg\" srcset=\"https:\/\/www.noisy-edv.de\/TTC\/wordpress\/wp-content\/uploads\/2018\/04\/1524654575278-c.jpg 454w, https:\/\/www.noisy-edv.de\/TTC\/wordpress\/wp-content\/uploads\/2018\/04\/1524654575278-c-273x300.jpg 273w\" sizes=\"auto, (max-width: 454px) 100vw, 454px\" \/><\/em><\/p>\n","protected":false},"excerpt":{"rendered":"<p>Im Doppelwettbewerb nahmen 16 Doppelpaare teil. In 2 Gruppen wurden jeweils die besten 2 Doppelpaare ermittelt, die dann im Halbfinale und Finale gegeneinander antreten durften. Sieger wurden Thorsten Bremer und Patrick Gerling, die sich im Finale gegen Burkhard Spie\u00dfl und&nbsp;Kilian &hellip; <a href=\"https:\/\/www.noisy-edv.de\/TTC\/wordpress\/?page_id=2850\">Weiterlesen <span class=\"meta-nav\">&rarr;<\/span><\/a><\/p>\n","protected":false},"author":1,"featured_media":0,"parent":3557,"menu_order":10,"comment_status":"closed","ping_status":"closed","template":"","meta":{"footnotes":""},"class_list":["post-2850","page","type-page","status-publish","hentry"],"_links":{"self":[{"href":"https:\/\/www.noisy-edv.de\/TTC\/wordpress\/index.php?rest_route=\/wp\/v2\/pages\/2850","targetHints":{"allow":["GET"]}}],"collection":[{"href":"https:\/\/www.noisy-edv.de\/TTC\/wordpress\/index.php?rest_route=\/wp\/v2\/pages"}],"about":[{"href":"https:\/\/www.noisy-edv.de\/TTC\/wordpress\/index.php?rest_route=\/wp\/v2\/types\/page"}],"author":[{"embeddable":true,"href":"https:\/\/www.noisy-edv.de\/TTC\/wordpress\/index.php?rest_route=\/wp\/v2\/users\/1"}],"replies":[{"embeddable":true,"href":"https:\/\/www.noisy-edv.de\/TTC\/wordpress\/index.php?rest_route=%2Fwp%2Fv2%2Fcomments&post=2850"}],"version-history":[{"count":24,"href":"https:\/\/www.noisy-edv.de\/TTC\/wordpress\/index.php?rest_route=\/wp\/v2\/pages\/2850\/revisions"}],"predecessor-version":[{"id":3559,"href":"https:\/\/www.noisy-edv.de\/TTC\/wordpress\/index.php?rest_route=\/wp\/v2\/pages\/2850\/revisions\/3559"}],"up":[{"embeddable":true,"href":"https:\/\/www.noisy-edv.de\/TTC\/wordpress\/index.php?rest_route=\/wp\/v2\/pages\/3557"}],"wp:attachment":[{"href":"https:\/\/www.noisy-edv.de\/TTC\/wordpress\/index.php?rest_route=%2Fwp%2Fv2%2Fmedia&parent=2850"}],"curies":[{"name":"wp","href":"https:\/\/api.w.org\/{rel}","templated":true}]}}