{"id":2978,"date":"2018-12-18T16:37:23","date_gmt":"2018-12-18T15:37:23","guid":{"rendered":"http:\/\/www.noisy-edv.de\/TTC\/wordpress\/?page_id=2978"},"modified":"2020-10-05T15:54:50","modified_gmt":"2020-10-05T13:54:50","slug":"2018-2","status":"publish","type":"page","link":"https:\/\/www.noisy-edv.de\/TTC\/wordpress\/?page_id=2978","title":{"rendered":"2018"},"content":{"rendered":"<p>Beim neunten Mini-Turnier f\u00fcr die Kinder und Jugendlichen des Vereins zum Jahresende stand auch in diesem Jahr Spiel und Spa\u00df im Vordergrund. Dieses Mal wurde das Turnier an normalen Platten, jedoch mit &#8222;besonderen&#8220; Tischtennisschl\u00e4gern gespielt. Holzschl\u00e4ger in verschiedensten Formen kamen zum Einsatz. Das Spiel um Platz 3 und das Finale wurde an der altbekannten Mini-Platte ausgetragen.<\/p>\n<p>12 Teilnehmer traten in zwei Gruppen gegeneinander an. Aufgrund der unterschiedlichsten Schl\u00e4ger kam es zu lustigen Ballwechseln und Spielverl\u00e4ufen. Nat\u00fcrlich wurde es auch in diesem Jahr den kleineren Teilnehmern etwas einfacher gemacht und den gr\u00f6\u00dferen schwieriger. Die gr\u00f6\u00dferen mussten mit den schwierigeren Schl\u00e4gern und teilweise mit Hindernissen auf der Platte klarkommen. Es gab daher viele spannende Duelle.<\/p>\n<p>Nach der Auswertung der Gruppenphase wurden die Platzierungsspiele ausgetragen. Das Duell um Platz 3 an der Mini-Platte bestritten Vanessa Gerling und Rebecca Klar. Rebecca gewann dieses Spiel. Im Finale traf Lukas Heiduk auf Elia Vree. Sieger dieses Spiels mit 3:1 S\u00e4tzen wurde Elia, der eine kleine Troph\u00e4e mit nach Hause nehmen durfte. Auf den Pl\u00e4tzen 5 bis 12 landeten Niklas Kasten, Klara Schlinsog, Lukas Wolf, Fabian Scholz, Marlon Die\u00dfel, Hannah Kasten, Aaron Brinkmann und Lina Heiduk.<\/p>\n<p>Am Ende gab es die Siegerehrung und jeder Teilnehmer bekam wie immer ein kleines Weihnachtsgeschenk. \ud83d\ude42<\/p>\n<p style=\"text-align: center;\">_ _ _<\/p>\n<p style=\"text-align: center;\"><em>Teilnehmer des Mini-Turniers 2018<\/em><\/p>\n<p><img loading=\"lazy\" decoding=\"async\" width=\"570\" height=\"410\" class=\"aligncenter size-full wp-image-2985\" alt=\"\" src=\"http:\/\/www.noisy-edv.de\/TTC\/wordpress\/wp-content\/uploads\/2018\/12\/Mini-Turnier-2018.jpg\" srcset=\"https:\/\/www.noisy-edv.de\/TTC\/wordpress\/wp-content\/uploads\/2018\/12\/Mini-Turnier-2018.jpg 570w, https:\/\/www.noisy-edv.de\/TTC\/wordpress\/wp-content\/uploads\/2018\/12\/Mini-Turnier-2018-300x216.jpg 300w, https:\/\/www.noisy-edv.de\/TTC\/wordpress\/wp-content\/uploads\/2018\/12\/Mini-Turnier-2018-417x300.jpg 417w\" sizes=\"auto, (max-width: 570px) 100vw, 570px\" \/><\/p>\n<p>&nbsp;<\/p>\n","protected":false},"excerpt":{"rendered":"<p>Beim neunten Mini-Turnier f\u00fcr die Kinder und Jugendlichen des Vereins zum Jahresende stand auch in diesem Jahr Spiel und Spa\u00df im Vordergrund. Dieses Mal wurde das Turnier an normalen Platten, jedoch mit &#8222;besonderen&#8220; Tischtennisschl\u00e4gern gespielt. Holzschl\u00e4ger in verschiedensten Formen kamen &hellip; <a href=\"https:\/\/www.noisy-edv.de\/TTC\/wordpress\/?page_id=2978\">Weiterlesen <span class=\"meta-nav\">&rarr;<\/span><\/a><\/p>\n","protected":false},"author":1,"featured_media":0,"parent":3566,"menu_order":1,"comment_status":"closed","ping_status":"closed","template":"","meta":{"footnotes":""},"class_list":["post-2978","page","type-page","status-publish","hentry"],"_links":{"self":[{"href":"https:\/\/www.noisy-edv.de\/TTC\/wordpress\/index.php?rest_route=\/wp\/v2\/pages\/2978","targetHints":{"allow":["GET"]}}],"collection":[{"href":"https:\/\/www.noisy-edv.de\/TTC\/wordpress\/index.php?rest_route=\/wp\/v2\/pages"}],"about":[{"href":"https:\/\/www.noisy-edv.de\/TTC\/wordpress\/index.php?rest_route=\/wp\/v2\/types\/page"}],"author":[{"embeddable":true,"href":"https:\/\/www.noisy-edv.de\/TTC\/wordpress\/index.php?rest_route=\/wp\/v2\/users\/1"}],"replies":[{"embeddable":true,"href":"https:\/\/www.noisy-edv.de\/TTC\/wordpress\/index.php?rest_route=%2Fwp%2Fv2%2Fcomments&post=2978"}],"version-history":[{"count":7,"href":"https:\/\/www.noisy-edv.de\/TTC\/wordpress\/index.php?rest_route=\/wp\/v2\/pages\/2978\/revisions"}],"predecessor-version":[{"id":3569,"href":"https:\/\/www.noisy-edv.de\/TTC\/wordpress\/index.php?rest_route=\/wp\/v2\/pages\/2978\/revisions\/3569"}],"up":[{"embeddable":true,"href":"https:\/\/www.noisy-edv.de\/TTC\/wordpress\/index.php?rest_route=\/wp\/v2\/pages\/3566"}],"wp:attachment":[{"href":"https:\/\/www.noisy-edv.de\/TTC\/wordpress\/index.php?rest_route=%2Fwp%2Fv2%2Fmedia&parent=2978"}],"curies":[{"name":"wp","href":"https:\/\/api.w.org\/{rel}","templated":true}]}}