{"id":3879,"date":"2021-09-14T13:07:18","date_gmt":"2021-09-14T11:07:18","guid":{"rendered":"http:\/\/www.noisy-edv.de\/TTC\/wordpress\/?page_id=3879"},"modified":"2023-12-12T12:51:55","modified_gmt":"2023-12-12T11:51:55","slug":"2020-2","status":"publish","type":"page","link":"https:\/\/www.noisy-edv.de\/TTC\/wordpress\/?page_id=3879","title":{"rendered":"2020"},"content":{"rendered":"\n<p>Das Mini-Turnier 2020 wurde aufgrund der Corona-Lage im September 2021 ausgetragen. Erstmalig organisiert und durchgef\u00fchrt von unserer Jugendabteilung, angef\u00fchrt von Jugendwart Patrick Gerling. 13 Tischtennis-Begeisterte folgten der Einladung zum 11.Mini-Turnier, bei dem wieder der Spa\u00df im Vordergrund stand.<\/p>\n\n\n\n<p>Zum Verzehr in den Pausen standen f\u00fcr Spieler und Eltern im Regieraum ausreichend Bockwurst, Fanta, Cola und Sprite zur Verf\u00fcgung. Die beliebten Weingummis ebenso.<\/p>\n\n\n\n<p>Als Spa\u00dfplatten (5 an der Zahl) dienten die knallgr\u00fcne Mini-Platte, die \u201eschr\u00e4ge\u201c Platte, die Dschungelplatte, das Tennisfeld und die Riesenplatte. Als H\u00fctchen-Beauftragter sorgte Jugendtrainer Rico Bokelmann f\u00fcr den n\u00f6tigen &#8222;Ausgleich&#8220;. Die verschiedenen Spielst\u00e4rken sollten auch dieses Mal \u201egerecht harmonisiert\u201c werden. \ud83d\ude09<\/p>\n\n\n\n<p>In einer 7er und einer 6er Gruppe wurden die Sieger ermittelt. Gruppe A gewann Finn Garbrecht (knapp vor Marlon Die\u00dfel), Gruppe B gewann Klara Schlinsog (knapp vor Colin Schimke), sodass sich im gro\u00dfen Finale an der kleinen Mini-Platte Finn und Klara gegen\u00fcberstanden. Am Ende gewann unter professionellster Z\u00e4hlaufsicht von Jugendbetreuer Michael Wolf die Klein Elberin Klara mit 2:1 S\u00e4tzen und holte sich die begehrte Troph\u00e4e. Jeder Teilnehmer bekam auch dieses Mal bei der Siegerehrung ein kleines Geschenk. \ud83d\ude42<\/p>\n\n\n\n<p>Die 13 Teilnehmer waren: Klara Schlinsog, Finn Garbrecht, Marlon Die\u00dfel, Colin Schimke, Adrian Meinecke, Simon Meinecke, Hanna Schlinsog, Elia Vree, Lukas Rockmann, Philipp Einenkel, Nils Hermann, Aaron Brinkmann und Niklas Kasten.<\/p>\n\n\n\n<p class=\"has-text-align-center\">_ _ _<\/p>\n\n\n\n<p class=\"has-text-align-center\"><em>Teilnehmer des Mini-Turniers 2020<\/em><\/p>\n\n\n\n<figure class=\"wp-block-image size-large\"><img loading=\"lazy\" decoding=\"async\" width=\"1024\" height=\"622\" src=\"http:\/\/www.noisy-edv.de\/TTC\/wordpress\/wp-content\/uploads\/2021\/09\/Mini-Turnier-2020-1024x622.jpg\" alt=\"\" class=\"wp-image-3883\" srcset=\"https:\/\/www.noisy-edv.de\/TTC\/wordpress\/wp-content\/uploads\/2021\/09\/Mini-Turnier-2020-1024x622.jpg 1024w, https:\/\/www.noisy-edv.de\/TTC\/wordpress\/wp-content\/uploads\/2021\/09\/Mini-Turnier-2020-300x182.jpg 300w, https:\/\/www.noisy-edv.de\/TTC\/wordpress\/wp-content\/uploads\/2021\/09\/Mini-Turnier-2020-768x467.jpg 768w, https:\/\/www.noisy-edv.de\/TTC\/wordpress\/wp-content\/uploads\/2021\/09\/Mini-Turnier-2020-1536x933.jpg 1536w, https:\/\/www.noisy-edv.de\/TTC\/wordpress\/wp-content\/uploads\/2021\/09\/Mini-Turnier-2020-2048x1244.jpg 2048w, https:\/\/www.noisy-edv.de\/TTC\/wordpress\/wp-content\/uploads\/2021\/09\/Mini-Turnier-2020-494x300.jpg 494w\" sizes=\"auto, (max-width: 1024px) 100vw, 1024px\" \/><\/figure>\n","protected":false},"excerpt":{"rendered":"<p>Das Mini-Turnier 2020 wurde aufgrund der Corona-Lage im September 2021 ausgetragen. Erstmalig organisiert und durchgef\u00fchrt von unserer Jugendabteilung, angef\u00fchrt von Jugendwart Patrick Gerling. 13 Tischtennis-Begeisterte folgten der Einladung zum 11.Mini-Turnier, bei dem wieder der Spa\u00df im Vordergrund stand. Zum Verzehr &hellip; <a href=\"https:\/\/www.noisy-edv.de\/TTC\/wordpress\/?page_id=3879\">Weiterlesen <span class=\"meta-nav\">&rarr;<\/span><\/a><\/p>\n","protected":false},"author":1,"featured_media":0,"parent":63,"menu_order":8,"comment_status":"closed","ping_status":"closed","template":"","meta":{"footnotes":""},"class_list":["post-3879","page","type-page","status-publish","hentry"],"_links":{"self":[{"href":"https:\/\/www.noisy-edv.de\/TTC\/wordpress\/index.php?rest_route=\/wp\/v2\/pages\/3879","targetHints":{"allow":["GET"]}}],"collection":[{"href":"https:\/\/www.noisy-edv.de\/TTC\/wordpress\/index.php?rest_route=\/wp\/v2\/pages"}],"about":[{"href":"https:\/\/www.noisy-edv.de\/TTC\/wordpress\/index.php?rest_route=\/wp\/v2\/types\/page"}],"author":[{"embeddable":true,"href":"https:\/\/www.noisy-edv.de\/TTC\/wordpress\/index.php?rest_route=\/wp\/v2\/users\/1"}],"replies":[{"embeddable":true,"href":"https:\/\/www.noisy-edv.de\/TTC\/wordpress\/index.php?rest_route=%2Fwp%2Fv2%2Fcomments&post=3879"}],"version-history":[{"count":7,"href":"https:\/\/www.noisy-edv.de\/TTC\/wordpress\/index.php?rest_route=\/wp\/v2\/pages\/3879\/revisions"}],"predecessor-version":[{"id":3888,"href":"https:\/\/www.noisy-edv.de\/TTC\/wordpress\/index.php?rest_route=\/wp\/v2\/pages\/3879\/revisions\/3888"}],"up":[{"embeddable":true,"href":"https:\/\/www.noisy-edv.de\/TTC\/wordpress\/index.php?rest_route=\/wp\/v2\/pages\/63"}],"wp:attachment":[{"href":"https:\/\/www.noisy-edv.de\/TTC\/wordpress\/index.php?rest_route=%2Fwp%2Fv2%2Fmedia&parent=3879"}],"curies":[{"name":"wp","href":"https:\/\/api.w.org\/{rel}","templated":true}]}}