{"id":4319,"date":"2023-05-01T07:54:53","date_gmt":"2023-05-01T05:54:53","guid":{"rendered":"http:\/\/www.noisy-edv.de\/TTC\/wordpress\/?page_id=4319"},"modified":"2024-04-22T10:38:03","modified_gmt":"2024-04-22T08:38:03","slug":"2023-2","status":"publish","type":"page","link":"https:\/\/www.noisy-edv.de\/TTC\/wordpress\/?page_id=4319","title":{"rendered":"2023"},"content":{"rendered":"\n<p><\/p><p><\/p><p>Teilnehmerfeld <strong>Doppel<\/strong>: <strong>32<\/strong> = <strong>16<\/strong> Doppelpaare<br \/>Teilnehmerfeld <strong>Jugend<\/strong>: <strong>15<\/strong> Spieler<br \/>Teilnehmerfeld <strong>Einzel<\/strong>: <strong>35<\/strong> Spieler (28 Herren, 7 Damen)<br \/><em><span style=\"font-size: small;\">(Teilnahmerekord!!! Zuvor: 29 Spieler in 2020)<\/span><\/em><\/p>\n<p><strong>Spielsystem und Platzierungen<\/strong>:<\/p>\n<p><strong>Doppel<\/strong>: zwei Gruppen -&gt; Halbfinale -&gt; Spiel Platz 3 + Finale<br \/>1. Dennis Matussek und Eckhard Schulz <br \/>2. Kai Die\u00dfel und Thorsten Bremer<br \/>3. Kilian Schmidt und Burkhard Spie\u00dfl<br \/>4. Patrick Gerling und Andreas Wassermann<\/p>\n<p><strong>Jugend-Einzel<\/strong>: eine Gruppe<br \/>1. Klara Schlinsog<br \/>2. Aaron Brinkmann<br \/>3. Marlon Die\u00dfel<br \/>Auf den weiteren Pl\u00e4tzen: Nils Hermann, Matteo Koch, Lukas Rockmann, Ryan Hennig und Louis Hoppe<\/p>\n<p><strong>Sch\u00fcler-Einzel<\/strong>: eine Gruppe<br \/>1. Henry Klingebiel<br \/>2. Joshua Sch\u00e4l<br \/>3. Philipp Einenkel<br \/>Auf den weiteren Pl\u00e4tzen: Colin Schimke, Hanna Schlinsog, Luca Solga und Till Wa\u00dfmu\u00df<\/p>\n<p><strong>Herren-Einzel<\/strong>: sechs Gruppen -&gt; Achtelfinale -&gt; Viertelfinale -&gt; Halbfinale -&gt; Spiel Platz 3 + Finale<br \/>1. Alexander Kohl <br \/>2. Christian Mahnkop<br \/>3. Marcel Bokelmann<br \/>4. Enrico Bokelmann<\/p>\n<p><strong>Gro\u00dfer Wanderpokal<\/strong>: Wertung f\u00fcr den besten Spieler der unteren Mannschaften (3. bis 5., unterhalb der Bezirksebene)<br \/>1. Jan Schlinsog<\/p>\n<p><strong>Kleiner Wanderpokal<\/strong>: Wertung f\u00fcr den besten Spieler der untersten Spielklasse<br \/>1. Lukas Heiduk<\/p>\n<p><strong>Damen-Einzel<\/strong>: Gruppenphase Einzel -&gt; Halbfinale -&gt; Spiel Platz 3 + Finale<br \/>1. Mona Matussek<br \/>2. Hanna Holzknecht<br \/>3. Lisa Gerling<br \/>4. Jolene Lack<\/p>\n<p class=\"has-text-align-center\">_ _ _<\/p>\n<p class=\"has-text-align-center\"><em>Die 16 Doppelpaare<\/em><\/p>\n\n\n\n<figure class=\"wp-block-image size-large\"><a href=\"http:\/\/www.noisy-edv.de\/TTC\/wordpress\/wp-content\/uploads\/2023\/05\/VM-Teilnehmer-Doppel.jpg\"><img loading=\"lazy\" decoding=\"async\" width=\"1024\" height=\"1024\" src=\"http:\/\/www.noisy-edv.de\/TTC\/wordpress\/wp-content\/uploads\/2023\/05\/VM-Teilnehmer-Doppel-1024x1024.jpg\" alt=\"\" class=\"wp-image-4351\" srcset=\"https:\/\/www.noisy-edv.de\/TTC\/wordpress\/wp-content\/uploads\/2023\/05\/VM-Teilnehmer-Doppel-1024x1024.jpg 1024w, https:\/\/www.noisy-edv.de\/TTC\/wordpress\/wp-content\/uploads\/2023\/05\/VM-Teilnehmer-Doppel-300x300.jpg 300w, https:\/\/www.noisy-edv.de\/TTC\/wordpress\/wp-content\/uploads\/2023\/05\/VM-Teilnehmer-Doppel-150x150.jpg 150w, https:\/\/www.noisy-edv.de\/TTC\/wordpress\/wp-content\/uploads\/2023\/05\/VM-Teilnehmer-Doppel-768x768.jpg 768w, https:\/\/www.noisy-edv.de\/TTC\/wordpress\/wp-content\/uploads\/2023\/05\/VM-Teilnehmer-Doppel-1536x1536.jpg 1536w, https:\/\/www.noisy-edv.de\/TTC\/wordpress\/wp-content\/uploads\/2023\/05\/VM-Teilnehmer-Doppel.jpg 1936w\" sizes=\"auto, (max-width: 1024px) 100vw, 1024px\" \/><\/a><\/figure>\n\n\n\n<p class=\"has-text-align-center\">_ _ _<\/p>\n<p class=\"has-text-align-center\"><em>Sieger Doppel<\/em><\/p>\n\n\n\n<figure class=\"wp-block-image size-large\"><a href=\"http:\/\/www.noisy-edv.de\/TTC\/wordpress\/wp-content\/uploads\/2023\/05\/VM-Doppel-scaled.jpg\"><img loading=\"lazy\" decoding=\"async\" width=\"1024\" height=\"819\" src=\"http:\/\/www.noisy-edv.de\/TTC\/wordpress\/wp-content\/uploads\/2023\/05\/VM-Doppel-1024x819.jpg\" alt=\"\" class=\"wp-image-4353\" srcset=\"https:\/\/www.noisy-edv.de\/TTC\/wordpress\/wp-content\/uploads\/2023\/05\/VM-Doppel-1024x819.jpg 1024w, https:\/\/www.noisy-edv.de\/TTC\/wordpress\/wp-content\/uploads\/2023\/05\/VM-Doppel-300x240.jpg 300w, https:\/\/www.noisy-edv.de\/TTC\/wordpress\/wp-content\/uploads\/2023\/05\/VM-Doppel-768x615.jpg 768w, https:\/\/www.noisy-edv.de\/TTC\/wordpress\/wp-content\/uploads\/2023\/05\/VM-Doppel-1536x1229.jpg 1536w, https:\/\/www.noisy-edv.de\/TTC\/wordpress\/wp-content\/uploads\/2023\/05\/VM-Doppel-2048x1639.jpg 2048w, https:\/\/www.noisy-edv.de\/TTC\/wordpress\/wp-content\/uploads\/2023\/05\/VM-Doppel-375x300.jpg 375w\" sizes=\"auto, (max-width: 1024px) 100vw, 1024px\" \/><\/a><\/figure>\n\n\n\n<p class=\"has-text-align-center\">_ _ _<\/p>\n<p class=\"has-text-align-center\"><em>Sieger Jugend- und Sch\u00fcler-Einzel<\/em><\/p>\n\n\n\n<figure class=\"wp-block-image size-large\"><a href=\"http:\/\/www.noisy-edv.de\/TTC\/wordpress\/wp-content\/uploads\/2023\/05\/VM-Jugend-scaled.jpg\"><img loading=\"lazy\" decoding=\"async\" width=\"1024\" height=\"683\" src=\"http:\/\/www.noisy-edv.de\/TTC\/wordpress\/wp-content\/uploads\/2023\/05\/VM-Jugend-1024x683.jpg\" alt=\"\" class=\"wp-image-4354\" srcset=\"https:\/\/www.noisy-edv.de\/TTC\/wordpress\/wp-content\/uploads\/2023\/05\/VM-Jugend-1024x683.jpg 1024w, https:\/\/www.noisy-edv.de\/TTC\/wordpress\/wp-content\/uploads\/2023\/05\/VM-Jugend-300x200.jpg 300w, https:\/\/www.noisy-edv.de\/TTC\/wordpress\/wp-content\/uploads\/2023\/05\/VM-Jugend-768x512.jpg 768w, https:\/\/www.noisy-edv.de\/TTC\/wordpress\/wp-content\/uploads\/2023\/05\/VM-Jugend-1536x1024.jpg 1536w, https:\/\/www.noisy-edv.de\/TTC\/wordpress\/wp-content\/uploads\/2023\/05\/VM-Jugend-2048x1365.jpg 2048w, https:\/\/www.noisy-edv.de\/TTC\/wordpress\/wp-content\/uploads\/2023\/05\/VM-Jugend-450x300.jpg 450w\" sizes=\"auto, (max-width: 1024px) 100vw, 1024px\" \/><\/a><\/figure>\n\n\n\n<p class=\"has-text-align-center\">_ _ _<\/p>\n<p class=\"has-text-align-center\"><em>Teilnehmer Herren- und Damen-Einzel<\/em><\/p>\n\n\n\n<figure class=\"wp-block-image size-large\"><a href=\"http:\/\/www.noisy-edv.de\/TTC\/wordpress\/wp-content\/uploads\/2023\/05\/VM-Teilnehmer-Einzel-scaled.jpg\"><img loading=\"lazy\" decoding=\"async\" width=\"1024\" height=\"576\" src=\"http:\/\/www.noisy-edv.de\/TTC\/wordpress\/wp-content\/uploads\/2023\/05\/VM-Teilnehmer-Einzel-1024x576.jpg\" alt=\"\" class=\"wp-image-4355\" srcset=\"https:\/\/www.noisy-edv.de\/TTC\/wordpress\/wp-content\/uploads\/2023\/05\/VM-Teilnehmer-Einzel-1024x576.jpg 1024w, https:\/\/www.noisy-edv.de\/TTC\/wordpress\/wp-content\/uploads\/2023\/05\/VM-Teilnehmer-Einzel-300x169.jpg 300w, https:\/\/www.noisy-edv.de\/TTC\/wordpress\/wp-content\/uploads\/2023\/05\/VM-Teilnehmer-Einzel-768x432.jpg 768w, https:\/\/www.noisy-edv.de\/TTC\/wordpress\/wp-content\/uploads\/2023\/05\/VM-Teilnehmer-Einzel-1536x864.jpg 1536w, https:\/\/www.noisy-edv.de\/TTC\/wordpress\/wp-content\/uploads\/2023\/05\/VM-Teilnehmer-Einzel-2048x1152.jpg 2048w, https:\/\/www.noisy-edv.de\/TTC\/wordpress\/wp-content\/uploads\/2023\/05\/VM-Teilnehmer-Einzel-500x281.jpg 500w\" sizes=\"auto, (max-width: 1024px) 100vw, 1024px\" \/><\/a><\/figure>\n\n\n\n<p class=\"has-text-align-center\">_ _ _<\/p>\n<p class=\"has-text-align-center\"><em>Sieger Herren-Einzel<\/em><\/p>\n\n\n\n<figure class=\"wp-block-image size-large\"><a href=\"http:\/\/www.noisy-edv.de\/TTC\/wordpress\/wp-content\/uploads\/2023\/05\/VM-Herren-scaled.jpg\"><img loading=\"lazy\" decoding=\"async\" width=\"1024\" height=\"1024\" src=\"http:\/\/www.noisy-edv.de\/TTC\/wordpress\/wp-content\/uploads\/2023\/05\/VM-Herren-1024x1024.jpg\" alt=\"\" class=\"wp-image-4356\" srcset=\"https:\/\/www.noisy-edv.de\/TTC\/wordpress\/wp-content\/uploads\/2023\/05\/VM-Herren-1024x1024.jpg 1024w, https:\/\/www.noisy-edv.de\/TTC\/wordpress\/wp-content\/uploads\/2023\/05\/VM-Herren-300x300.jpg 300w, https:\/\/www.noisy-edv.de\/TTC\/wordpress\/wp-content\/uploads\/2023\/05\/VM-Herren-150x150.jpg 150w, https:\/\/www.noisy-edv.de\/TTC\/wordpress\/wp-content\/uploads\/2023\/05\/VM-Herren-768x768.jpg 768w, https:\/\/www.noisy-edv.de\/TTC\/wordpress\/wp-content\/uploads\/2023\/05\/VM-Herren-1536x1536.jpg 1536w, https:\/\/www.noisy-edv.de\/TTC\/wordpress\/wp-content\/uploads\/2023\/05\/VM-Herren-2048x2048.jpg 2048w\" sizes=\"auto, (max-width: 1024px) 100vw, 1024px\" \/><\/a><\/figure>\n\n\n\n<p class=\"has-text-align-center\">_ _ _<\/p>\n<p class=\"has-text-align-center\"><em>Sieger Damen-Einzel<\/em><\/p>\n\n\n\n<figure class=\"wp-block-image size-large\"><a href=\"http:\/\/www.noisy-edv.de\/TTC\/wordpress\/wp-content\/uploads\/2023\/05\/VM-Damen-scaled.jpg\"><img loading=\"lazy\" decoding=\"async\" width=\"1024\" height=\"1024\" src=\"http:\/\/www.noisy-edv.de\/TTC\/wordpress\/wp-content\/uploads\/2023\/05\/VM-Damen-1024x1024.jpg\" alt=\"\" class=\"wp-image-4357\" srcset=\"https:\/\/www.noisy-edv.de\/TTC\/wordpress\/wp-content\/uploads\/2023\/05\/VM-Damen-1024x1024.jpg 1024w, https:\/\/www.noisy-edv.de\/TTC\/wordpress\/wp-content\/uploads\/2023\/05\/VM-Damen-300x300.jpg 300w, https:\/\/www.noisy-edv.de\/TTC\/wordpress\/wp-content\/uploads\/2023\/05\/VM-Damen-150x150.jpg 150w, https:\/\/www.noisy-edv.de\/TTC\/wordpress\/wp-content\/uploads\/2023\/05\/VM-Damen-768x768.jpg 768w, https:\/\/www.noisy-edv.de\/TTC\/wordpress\/wp-content\/uploads\/2023\/05\/VM-Damen-1536x1536.jpg 1536w, https:\/\/www.noisy-edv.de\/TTC\/wordpress\/wp-content\/uploads\/2023\/05\/VM-Damen-2048x2048.jpg 2048w\" sizes=\"auto, (max-width: 1024px) 100vw, 1024px\" \/><\/a><\/figure>\n\n\n\n<p class=\"has-text-align-center\">_ _ _<\/p>\n<p class=\"has-text-align-center\"><em>Gewinner Kleiner und Gro\u00dfer Wanderpokal<\/em><\/p>\n\n\n\n<figure class=\"wp-block-image size-large\"><a href=\"http:\/\/www.noisy-edv.de\/TTC\/wordpress\/wp-content\/uploads\/2023\/05\/VM-Wanderpokale-scaled.jpg\"><img loading=\"lazy\" decoding=\"async\" width=\"948\" height=\"1024\" src=\"http:\/\/www.noisy-edv.de\/TTC\/wordpress\/wp-content\/uploads\/2023\/05\/VM-Wanderpokale-948x1024.jpg\" alt=\"\" class=\"wp-image-4358\" srcset=\"https:\/\/www.noisy-edv.de\/TTC\/wordpress\/wp-content\/uploads\/2023\/05\/VM-Wanderpokale-948x1024.jpg 948w, https:\/\/www.noisy-edv.de\/TTC\/wordpress\/wp-content\/uploads\/2023\/05\/VM-Wanderpokale-278x300.jpg 278w, https:\/\/www.noisy-edv.de\/TTC\/wordpress\/wp-content\/uploads\/2023\/05\/VM-Wanderpokale-768x830.jpg 768w, https:\/\/www.noisy-edv.de\/TTC\/wordpress\/wp-content\/uploads\/2023\/05\/VM-Wanderpokale-1422x1536.jpg 1422w, https:\/\/www.noisy-edv.de\/TTC\/wordpress\/wp-content\/uploads\/2023\/05\/VM-Wanderpokale-1896x2048.jpg 1896w\" sizes=\"auto, (max-width: 948px) 100vw, 948px\" \/><\/a><\/figure>\n","protected":false},"excerpt":{"rendered":"<p>Teilnehmerfeld Doppel: 32 = 16 DoppelpaareTeilnehmerfeld Jugend: 15 SpielerTeilnehmerfeld Einzel: 35 Spieler (28 Herren, 7 Damen)(Teilnahmerekord!!! Zuvor: 29 Spieler in 2020) Spielsystem und Platzierungen: Doppel: zwei Gruppen -&gt; Halbfinale -&gt; Spiel Platz 3 + Finale1. Dennis Matussek und Eckhard Schulz &hellip; <a href=\"https:\/\/www.noisy-edv.de\/TTC\/wordpress\/?page_id=4319\">Weiterlesen <span class=\"meta-nav\">&rarr;<\/span><\/a><\/p>\n","protected":false},"author":1,"featured_media":0,"parent":61,"menu_order":4,"comment_status":"closed","ping_status":"closed","template":"","meta":{"footnotes":""},"class_list":["post-4319","page","type-page","status-publish","hentry"],"_links":{"self":[{"href":"https:\/\/www.noisy-edv.de\/TTC\/wordpress\/index.php?rest_route=\/wp\/v2\/pages\/4319","targetHints":{"allow":["GET"]}}],"collection":[{"href":"https:\/\/www.noisy-edv.de\/TTC\/wordpress\/index.php?rest_route=\/wp\/v2\/pages"}],"about":[{"href":"https:\/\/www.noisy-edv.de\/TTC\/wordpress\/index.php?rest_route=\/wp\/v2\/types\/page"}],"author":[{"embeddable":true,"href":"https:\/\/www.noisy-edv.de\/TTC\/wordpress\/index.php?rest_route=\/wp\/v2\/users\/1"}],"replies":[{"embeddable":true,"href":"https:\/\/www.noisy-edv.de\/TTC\/wordpress\/index.php?rest_route=%2Fwp%2Fv2%2Fcomments&post=4319"}],"version-history":[{"count":19,"href":"https:\/\/www.noisy-edv.de\/TTC\/wordpress\/index.php?rest_route=\/wp\/v2\/pages\/4319\/revisions"}],"predecessor-version":[{"id":4369,"href":"https:\/\/www.noisy-edv.de\/TTC\/wordpress\/index.php?rest_route=\/wp\/v2\/pages\/4319\/revisions\/4369"}],"up":[{"embeddable":true,"href":"https:\/\/www.noisy-edv.de\/TTC\/wordpress\/index.php?rest_route=\/wp\/v2\/pages\/61"}],"wp:attachment":[{"href":"https:\/\/www.noisy-edv.de\/TTC\/wordpress\/index.php?rest_route=%2Fwp%2Fv2%2Fmedia&parent=4319"}],"curies":[{"name":"wp","href":"https:\/\/api.w.org\/{rel}","templated":true}]}}