{"id":5072,"date":"2025-04-28T10:23:02","date_gmt":"2025-04-28T08:23:02","guid":{"rendered":"https:\/\/www.noisy-edv.de\/TTC\/wordpress\/?page_id=5072"},"modified":"2025-05-12T09:10:05","modified_gmt":"2025-05-12T07:10:05","slug":"2025-2","status":"publish","type":"page","link":"https:\/\/www.noisy-edv.de\/TTC\/wordpress\/?page_id=5072","title":{"rendered":"2025"},"content":{"rendered":"\n<p>Teilnehmerfeld&nbsp;<strong>Doppel<\/strong>:&nbsp;<strong>38<\/strong>&nbsp;=&nbsp;<strong>19&nbsp;<\/strong>Doppelpaare<br \/><em>(Teilnahmerekord!!! Zuvor: 17 Doppelpaare in 2011, 2012, 2014, 2024)<\/em><br \/>Teilnehmerfeld&nbsp;<strong>Jugend<\/strong>:&nbsp;<strong>18&nbsp;<\/strong>Spieler<br \/>Teilnehmerfeld&nbsp;<strong>Einzel<\/strong>:&nbsp;<strong>28<\/strong>&nbsp;Spieler (22 Herren, 6 Damen)<\/p>\n\n\n\n<p><strong>Spielsystem und Platzierungen<\/strong>:<\/p>\n\n\n\n<p><strong>Doppel<\/strong>: drei Gruppen -&gt; Viertelfinale -&gt; Halbfinale -&gt; Spiel Platz 3 + Finale &nbsp;<br \/>1. Alexander Kohl und Kilian Schmidt<br \/>2. Dennis Matussek und Eckhard Schulz<br \/>3. Marcel Bokelmann und Andr\u00e9 Dyck<br \/>4. Kai Die\u00dfel und David Die\u00dfel<\/p>\n\n\n\n<p><strong>Jugend-Einzel<\/strong>: eine Gruppe&nbsp;<br \/>1. Klara Schlinsog<br \/>2. Henry Klingebiel<br \/>3. Joshua Sch\u00e4l<br \/>Auf den weiteren Pl\u00e4tzen: Matteo Koch, Colin Schimke, Hans Schulze und Philipp Einenkel<\/p>\n\n\n\n<p><strong>Sch\u00fcler-Einzel<\/strong>: zwei Gruppen -&gt; Halbfinale -&gt; Spiel Platz 3 + Finale<br \/>1. Erik Schulze<br \/>2. Tim Seggelke&nbsp;<br \/>3. Frieda Beckmann&nbsp;<br \/>Auf den weiteren Pl\u00e4tzen: Hanna Schlinsog, Luca Solga, Jara Sch\u00e4l, Jan Seggelke, Jannis Hermann, Mika Gerber, Jayden Mohr und Till Wa\u00dfmu\u00df<\/p>\n\n\n\n<p><strong>Herren-Einzel<\/strong>: f\u00fcnf Gruppen -&gt; Achtelfinale -&gt; Viertelfinale -&gt; Halbfinale -&gt; Spiel Platz 3 + Finale<br \/>1. Alexander Kohl<br \/>2. Marcel Bokelmann<br \/>3. Dennis Matussek<br \/>4. Kai Die\u00dfel<\/p>\n\n\n\n<p><strong>Gro\u00dfer Wanderpokal<\/strong>: Wertung f\u00fcr den besten Spieler der unteren Mannschaften (3. bis 6., unterhalb der Bezirksebene)<br \/>1. David Die\u00dfel<\/p>\n\n\n\n<p><strong>Kleiner Wanderpokal<\/strong>: Wertung f\u00fcr den besten Spieler der untersten Spielklasse (6.+ 7.)<br \/>1. Lukas Rockmann&nbsp;<\/p>\n\n\n\n<p><strong>Damen-Einzel<\/strong>: Gruppenphase Einzel -&gt; Halbfinale -&gt; Spiel Platz 3 + Finale<br \/>1. Mona Matussek<br \/>2. Klara Schlinsog<br \/>3. Hanna Holzknecht&nbsp;<br \/>4. Vanessa Gerling<\/p>\n\n\n\n<p class=\"has-text-align-center\">_ _ _<\/p>\n\n\n\n<p class=\"has-text-align-center\">Teilnehmer Doppel<\/p>\n\n\n\n<figure class=\"wp-block-image size-large\"><a href=\"https:\/\/www.noisy-edv.de\/TTC\/wordpress\/wp-content\/uploads\/2025\/05\/IMG_3392-scaled.jpg\"><img loading=\"lazy\" decoding=\"async\" width=\"1024\" height=\"475\" src=\"https:\/\/www.noisy-edv.de\/TTC\/wordpress\/wp-content\/uploads\/2025\/05\/IMG_3392-1024x475.jpg\" alt=\"\" class=\"wp-image-5093\" srcset=\"https:\/\/www.noisy-edv.de\/TTC\/wordpress\/wp-content\/uploads\/2025\/05\/IMG_3392-1024x475.jpg 1024w, https:\/\/www.noisy-edv.de\/TTC\/wordpress\/wp-content\/uploads\/2025\/05\/IMG_3392-300x139.jpg 300w, https:\/\/www.noisy-edv.de\/TTC\/wordpress\/wp-content\/uploads\/2025\/05\/IMG_3392-768x356.jpg 768w, https:\/\/www.noisy-edv.de\/TTC\/wordpress\/wp-content\/uploads\/2025\/05\/IMG_3392-1536x712.jpg 1536w, https:\/\/www.noisy-edv.de\/TTC\/wordpress\/wp-content\/uploads\/2025\/05\/IMG_3392-2048x950.jpg 2048w, https:\/\/www.noisy-edv.de\/TTC\/wordpress\/wp-content\/uploads\/2025\/05\/IMG_3392-500x232.jpg 500w\" sizes=\"auto, (max-width: 1024px) 100vw, 1024px\" \/><\/a><\/figure>\n\n\n\n<p class=\"has-text-align-center\">_ _ _<\/p>\n\n\n\n<p class=\"has-text-align-center\"><em>Die 19+1 Doppelpaare<\/em><\/p>\n\n\n\n<figure class=\"wp-block-image size-large\"><a href=\"https:\/\/www.noisy-edv.de\/TTC\/wordpress\/wp-content\/uploads\/2025\/05\/IMG_3644.jpg\"><img loading=\"lazy\" decoding=\"async\" width=\"819\" height=\"1024\" src=\"https:\/\/www.noisy-edv.de\/TTC\/wordpress\/wp-content\/uploads\/2025\/05\/IMG_3644-819x1024.jpg\" alt=\"\" class=\"wp-image-5094\" srcset=\"https:\/\/www.noisy-edv.de\/TTC\/wordpress\/wp-content\/uploads\/2025\/05\/IMG_3644-819x1024.jpg 819w, https:\/\/www.noisy-edv.de\/TTC\/wordpress\/wp-content\/uploads\/2025\/05\/IMG_3644-240x300.jpg 240w, https:\/\/www.noisy-edv.de\/TTC\/wordpress\/wp-content\/uploads\/2025\/05\/IMG_3644-768x960.jpg 768w, https:\/\/www.noisy-edv.de\/TTC\/wordpress\/wp-content\/uploads\/2025\/05\/IMG_3644-1229x1536.jpg 1229w, https:\/\/www.noisy-edv.de\/TTC\/wordpress\/wp-content\/uploads\/2025\/05\/IMG_3644.jpg 1440w\" sizes=\"auto, (max-width: 819px) 100vw, 819px\" \/><\/a><\/figure>\n\n\n\n<p class=\"has-text-align-center\">_ _ _<\/p>\n\n\n\n<p class=\"has-text-align-center\"><em>Sieger Doppel<\/em><\/p>\n\n\n\n<figure class=\"wp-block-image size-large\"><a href=\"https:\/\/www.noisy-edv.de\/TTC\/wordpress\/wp-content\/uploads\/2025\/05\/IMG_3620.jpg\"><img loading=\"lazy\" decoding=\"async\" width=\"1024\" height=\"775\" src=\"https:\/\/www.noisy-edv.de\/TTC\/wordpress\/wp-content\/uploads\/2025\/05\/IMG_3620-1024x775.jpg\" alt=\"\" class=\"wp-image-5095\" srcset=\"https:\/\/www.noisy-edv.de\/TTC\/wordpress\/wp-content\/uploads\/2025\/05\/IMG_3620-1024x775.jpg 1024w, https:\/\/www.noisy-edv.de\/TTC\/wordpress\/wp-content\/uploads\/2025\/05\/IMG_3620-300x227.jpg 300w, https:\/\/www.noisy-edv.de\/TTC\/wordpress\/wp-content\/uploads\/2025\/05\/IMG_3620-768x581.jpg 768w, https:\/\/www.noisy-edv.de\/TTC\/wordpress\/wp-content\/uploads\/2025\/05\/IMG_3620-1536x1162.jpg 1536w, https:\/\/www.noisy-edv.de\/TTC\/wordpress\/wp-content\/uploads\/2025\/05\/IMG_3620-2048x1550.jpg 2048w, https:\/\/www.noisy-edv.de\/TTC\/wordpress\/wp-content\/uploads\/2025\/05\/IMG_3620-397x300.jpg 397w\" sizes=\"auto, (max-width: 1024px) 100vw, 1024px\" \/><\/a><\/figure>\n\n\n\n<p class=\"has-text-align-center\">_ _ _<\/p>\n\n\n\n<p class=\"has-text-align-center\"><em>Sieger Jugend- und Sch\u00fcler-Einzel<\/em><\/p>\n\n\n\n<figure class=\"wp-block-image size-large\"><a href=\"https:\/\/www.noisy-edv.de\/TTC\/wordpress\/wp-content\/uploads\/2025\/05\/IMG_3511-scaled.jpg\"><img loading=\"lazy\" decoding=\"async\" width=\"1024\" height=\"516\" src=\"https:\/\/www.noisy-edv.de\/TTC\/wordpress\/wp-content\/uploads\/2025\/05\/IMG_3511-1024x516.jpg\" alt=\"\" class=\"wp-image-5096\" srcset=\"https:\/\/www.noisy-edv.de\/TTC\/wordpress\/wp-content\/uploads\/2025\/05\/IMG_3511-1024x516.jpg 1024w, https:\/\/www.noisy-edv.de\/TTC\/wordpress\/wp-content\/uploads\/2025\/05\/IMG_3511-300x151.jpg 300w, https:\/\/www.noisy-edv.de\/TTC\/wordpress\/wp-content\/uploads\/2025\/05\/IMG_3511-768x387.jpg 768w, https:\/\/www.noisy-edv.de\/TTC\/wordpress\/wp-content\/uploads\/2025\/05\/IMG_3511-1536x774.jpg 1536w, https:\/\/www.noisy-edv.de\/TTC\/wordpress\/wp-content\/uploads\/2025\/05\/IMG_3511-2048x1032.jpg 2048w, https:\/\/www.noisy-edv.de\/TTC\/wordpress\/wp-content\/uploads\/2025\/05\/IMG_3511-500x252.jpg 500w\" sizes=\"auto, (max-width: 1024px) 100vw, 1024px\" \/><\/a><\/figure>\n\n\n\n<figure class=\"wp-block-image size-large\"><a href=\"https:\/\/www.noisy-edv.de\/TTC\/wordpress\/wp-content\/uploads\/2025\/05\/Jugend-2025-scaled.jpg\"><img loading=\"lazy\" decoding=\"async\" width=\"999\" height=\"1024\" src=\"https:\/\/www.noisy-edv.de\/TTC\/wordpress\/wp-content\/uploads\/2025\/05\/Jugend-2025-999x1024.jpg\" alt=\"\" class=\"wp-image-5101\" srcset=\"https:\/\/www.noisy-edv.de\/TTC\/wordpress\/wp-content\/uploads\/2025\/05\/Jugend-2025-999x1024.jpg 999w, https:\/\/www.noisy-edv.de\/TTC\/wordpress\/wp-content\/uploads\/2025\/05\/Jugend-2025-293x300.jpg 293w, https:\/\/www.noisy-edv.de\/TTC\/wordpress\/wp-content\/uploads\/2025\/05\/Jugend-2025-768x787.jpg 768w, https:\/\/www.noisy-edv.de\/TTC\/wordpress\/wp-content\/uploads\/2025\/05\/Jugend-2025-1499x1536.jpg 1499w, https:\/\/www.noisy-edv.de\/TTC\/wordpress\/wp-content\/uploads\/2025\/05\/Jugend-2025-1998x2048.jpg 1998w\" sizes=\"auto, (max-width: 999px) 100vw, 999px\" \/><\/a><\/figure>\n\n\n\n<figure class=\"wp-block-image size-large\"><a href=\"https:\/\/www.noisy-edv.de\/TTC\/wordpress\/wp-content\/uploads\/2025\/05\/Schueler-2025-scaled.jpg\"><img loading=\"lazy\" decoding=\"async\" width=\"1024\" height=\"986\" src=\"https:\/\/www.noisy-edv.de\/TTC\/wordpress\/wp-content\/uploads\/2025\/05\/Schueler-2025-1024x986.jpg\" alt=\"\" class=\"wp-image-5102\" srcset=\"https:\/\/www.noisy-edv.de\/TTC\/wordpress\/wp-content\/uploads\/2025\/05\/Schueler-2025-1024x986.jpg 1024w, https:\/\/www.noisy-edv.de\/TTC\/wordpress\/wp-content\/uploads\/2025\/05\/Schueler-2025-300x289.jpg 300w, https:\/\/www.noisy-edv.de\/TTC\/wordpress\/wp-content\/uploads\/2025\/05\/Schueler-2025-768x739.jpg 768w, https:\/\/www.noisy-edv.de\/TTC\/wordpress\/wp-content\/uploads\/2025\/05\/Schueler-2025-1536x1478.jpg 1536w, https:\/\/www.noisy-edv.de\/TTC\/wordpress\/wp-content\/uploads\/2025\/05\/Schueler-2025-2048x1971.jpg 2048w, https:\/\/www.noisy-edv.de\/TTC\/wordpress\/wp-content\/uploads\/2025\/05\/Schueler-2025-312x300.jpg 312w\" sizes=\"auto, (max-width: 1024px) 100vw, 1024px\" \/><\/a><\/figure>\n\n\n\n<p class=\"has-text-align-center\">_ _ _<\/p>\n\n\n\n<p class=\"has-text-align-center\"><em>Teilnehmer Herren- und Damen-Einzel<\/em><\/p>\n\n\n\n<figure class=\"wp-block-image size-large\"><a href=\"https:\/\/www.noisy-edv.de\/TTC\/wordpress\/wp-content\/uploads\/2025\/05\/IMG_3580.jpg\"><img loading=\"lazy\" decoding=\"async\" width=\"1024\" height=\"575\" src=\"https:\/\/www.noisy-edv.de\/TTC\/wordpress\/wp-content\/uploads\/2025\/05\/IMG_3580-1024x575.jpg\" alt=\"\" class=\"wp-image-5097\" srcset=\"https:\/\/www.noisy-edv.de\/TTC\/wordpress\/wp-content\/uploads\/2025\/05\/IMG_3580-1024x575.jpg 1024w, https:\/\/www.noisy-edv.de\/TTC\/wordpress\/wp-content\/uploads\/2025\/05\/IMG_3580-300x168.jpg 300w, https:\/\/www.noisy-edv.de\/TTC\/wordpress\/wp-content\/uploads\/2025\/05\/IMG_3580-768x431.jpg 768w, https:\/\/www.noisy-edv.de\/TTC\/wordpress\/wp-content\/uploads\/2025\/05\/IMG_3580-1536x863.jpg 1536w, https:\/\/www.noisy-edv.de\/TTC\/wordpress\/wp-content\/uploads\/2025\/05\/IMG_3580-2048x1150.jpg 2048w, https:\/\/www.noisy-edv.de\/TTC\/wordpress\/wp-content\/uploads\/2025\/05\/IMG_3580-500x281.jpg 500w\" sizes=\"auto, (max-width: 1024px) 100vw, 1024px\" \/><\/a><\/figure>\n\n\n\n<p class=\"has-text-align-center\">_ _ _<\/p>\n\n\n\n<p class=\"has-text-align-center\"><em>Sieger Herren-Einzel<\/em><\/p>\n\n\n\n<figure class=\"wp-block-image size-large\"><a href=\"https:\/\/www.noisy-edv.de\/TTC\/wordpress\/wp-content\/uploads\/2025\/05\/IMG_3632.jpg\"><img loading=\"lazy\" decoding=\"async\" width=\"1024\" height=\"912\" src=\"https:\/\/www.noisy-edv.de\/TTC\/wordpress\/wp-content\/uploads\/2025\/05\/IMG_3632-1024x912.jpg\" alt=\"\" class=\"wp-image-5098\" srcset=\"https:\/\/www.noisy-edv.de\/TTC\/wordpress\/wp-content\/uploads\/2025\/05\/IMG_3632-1024x912.jpg 1024w, https:\/\/www.noisy-edv.de\/TTC\/wordpress\/wp-content\/uploads\/2025\/05\/IMG_3632-300x267.jpg 300w, https:\/\/www.noisy-edv.de\/TTC\/wordpress\/wp-content\/uploads\/2025\/05\/IMG_3632-768x684.jpg 768w, https:\/\/www.noisy-edv.de\/TTC\/wordpress\/wp-content\/uploads\/2025\/05\/IMG_3632-1536x1368.jpg 1536w, https:\/\/www.noisy-edv.de\/TTC\/wordpress\/wp-content\/uploads\/2025\/05\/IMG_3632-2048x1824.jpg 2048w, https:\/\/www.noisy-edv.de\/TTC\/wordpress\/wp-content\/uploads\/2025\/05\/IMG_3632-337x300.jpg 337w\" sizes=\"auto, (max-width: 1024px) 100vw, 1024px\" \/><\/a><\/figure>\n\n\n\n<p class=\"has-text-align-center\">_ _ _<\/p>\n\n\n\n<p class=\"has-text-align-center\"><em>Sieger Damen-Einzel<\/em><\/p>\n\n\n\n<figure class=\"wp-block-image size-large\"><a href=\"https:\/\/www.noisy-edv.de\/TTC\/wordpress\/wp-content\/uploads\/2025\/05\/IMG_3623.jpg\"><img loading=\"lazy\" decoding=\"async\" width=\"1024\" height=\"889\" src=\"https:\/\/www.noisy-edv.de\/TTC\/wordpress\/wp-content\/uploads\/2025\/05\/IMG_3623-1024x889.jpg\" alt=\"\" class=\"wp-image-5099\" srcset=\"https:\/\/www.noisy-edv.de\/TTC\/wordpress\/wp-content\/uploads\/2025\/05\/IMG_3623-1024x889.jpg 1024w, https:\/\/www.noisy-edv.de\/TTC\/wordpress\/wp-content\/uploads\/2025\/05\/IMG_3623-300x261.jpg 300w, https:\/\/www.noisy-edv.de\/TTC\/wordpress\/wp-content\/uploads\/2025\/05\/IMG_3623-768x667.jpg 768w, https:\/\/www.noisy-edv.de\/TTC\/wordpress\/wp-content\/uploads\/2025\/05\/IMG_3623-1536x1334.jpg 1536w, https:\/\/www.noisy-edv.de\/TTC\/wordpress\/wp-content\/uploads\/2025\/05\/IMG_3623-345x300.jpg 345w, https:\/\/www.noisy-edv.de\/TTC\/wordpress\/wp-content\/uploads\/2025\/05\/IMG_3623.jpg 2040w\" sizes=\"auto, (max-width: 1024px) 100vw, 1024px\" \/><\/a><\/figure>\n\n\n\n<p class=\"has-text-align-center\">_ _ _<\/p>\n\n\n\n<p class=\"has-text-align-center\"><em>Gewinner Gro\u00dfer und Kleiner Wanderpokal<\/em><\/p>\n\n\n\n<figure class=\"wp-block-image size-large\"><a href=\"https:\/\/www.noisy-edv.de\/TTC\/wordpress\/wp-content\/uploads\/2025\/05\/IMG_3627.jpg\"><img loading=\"lazy\" decoding=\"async\" width=\"825\" height=\"1024\" src=\"https:\/\/www.noisy-edv.de\/TTC\/wordpress\/wp-content\/uploads\/2025\/05\/IMG_3627-825x1024.jpg\" alt=\"\" class=\"wp-image-5100\" srcset=\"https:\/\/www.noisy-edv.de\/TTC\/wordpress\/wp-content\/uploads\/2025\/05\/IMG_3627-825x1024.jpg 825w, https:\/\/www.noisy-edv.de\/TTC\/wordpress\/wp-content\/uploads\/2025\/05\/IMG_3627-242x300.jpg 242w, https:\/\/www.noisy-edv.de\/TTC\/wordpress\/wp-content\/uploads\/2025\/05\/IMG_3627-768x953.jpg 768w, https:\/\/www.noisy-edv.de\/TTC\/wordpress\/wp-content\/uploads\/2025\/05\/IMG_3627-1237x1536.jpg 1237w, https:\/\/www.noisy-edv.de\/TTC\/wordpress\/wp-content\/uploads\/2025\/05\/IMG_3627-1650x2048.jpg 1650w\" sizes=\"auto, (max-width: 825px) 100vw, 825px\" \/><\/a><\/figure>\n","protected":false},"excerpt":{"rendered":"<p>Teilnehmerfeld&nbsp;Doppel:&nbsp;38&nbsp;=&nbsp;19&nbsp;Doppelpaare(Teilnahmerekord!!! Zuvor: 17 Doppelpaare in 2011, 2012, 2014, 2024)Teilnehmerfeld&nbsp;Jugend:&nbsp;18&nbsp;SpielerTeilnehmerfeld&nbsp;Einzel:&nbsp;28&nbsp;Spieler (22 Herren, 6 Damen) Spielsystem und Platzierungen: Doppel: drei Gruppen -&gt; Viertelfinale -&gt; Halbfinale -&gt; Spiel Platz 3 + Finale &nbsp;1. Alexander Kohl und Kilian Schmidt2. Dennis Matussek und Eckhard Schulz3. &hellip; <a href=\"https:\/\/www.noisy-edv.de\/TTC\/wordpress\/?page_id=5072\">Weiterlesen <span class=\"meta-nav\">&rarr;<\/span><\/a><\/p>\n","protected":false},"author":1,"featured_media":0,"parent":61,"menu_order":0,"comment_status":"closed","ping_status":"closed","template":"","meta":{"footnotes":""},"class_list":["post-5072","page","type-page","status-publish","hentry"],"_links":{"self":[{"href":"https:\/\/www.noisy-edv.de\/TTC\/wordpress\/index.php?rest_route=\/wp\/v2\/pages\/5072","targetHints":{"allow":["GET"]}}],"collection":[{"href":"https:\/\/www.noisy-edv.de\/TTC\/wordpress\/index.php?rest_route=\/wp\/v2\/pages"}],"about":[{"href":"https:\/\/www.noisy-edv.de\/TTC\/wordpress\/index.php?rest_route=\/wp\/v2\/types\/page"}],"author":[{"embeddable":true,"href":"https:\/\/www.noisy-edv.de\/TTC\/wordpress\/index.php?rest_route=\/wp\/v2\/users\/1"}],"replies":[{"embeddable":true,"href":"https:\/\/www.noisy-edv.de\/TTC\/wordpress\/index.php?rest_route=%2Fwp%2Fv2%2Fcomments&post=5072"}],"version-history":[{"count":8,"href":"https:\/\/www.noisy-edv.de\/TTC\/wordpress\/index.php?rest_route=\/wp\/v2\/pages\/5072\/revisions"}],"predecessor-version":[{"id":5103,"href":"https:\/\/www.noisy-edv.de\/TTC\/wordpress\/index.php?rest_route=\/wp\/v2\/pages\/5072\/revisions\/5103"}],"up":[{"embeddable":true,"href":"https:\/\/www.noisy-edv.de\/TTC\/wordpress\/index.php?rest_route=\/wp\/v2\/pages\/61"}],"wp:attachment":[{"href":"https:\/\/www.noisy-edv.de\/TTC\/wordpress\/index.php?rest_route=%2Fwp%2Fv2%2Fmedia&parent=5072"}],"curies":[{"name":"wp","href":"https:\/\/api.w.org\/{rel}","templated":true}]}}