{"id":5237,"date":"2025-12-15T17:02:29","date_gmt":"2025-12-15T16:02:29","guid":{"rendered":"https:\/\/www.noisy-edv.de\/TTC\/wordpress\/?page_id=5237"},"modified":"2026-01-11T06:02:38","modified_gmt":"2026-01-11T05:02:38","slug":"2025-2","status":"publish","type":"page","link":"https:\/\/www.noisy-edv.de\/TTC\/wordpress\/?page_id=5237","title":{"rendered":"2025"},"content":{"rendered":"\n<p>Das Mini-Turnier fand zum 16. Mal statt und wurde am Freitag, den 12. Dezember 2025, ausgetragen. Der Einladung folgten 26 Kinder und Jugendliche des Vereins. So viele wie noch nie zuvor! Erfreulicherweise waren auch viele Eltern anwesend. Der Spa\u00df bei diesem Turnier stand wie immer im Vordergrund und f\u00fcr die ein oder andere \u00dcberraschung war gesorgt. An acht verschiedenen Spielstationen erg\u00e4nzt von \u201ebesonderen\u201c TT-Schl\u00e4gern und den je nach Plattenseite mehr oder weniger beliebten H\u00fctchen war den Kids drei Stunden Spa\u00df und Unterhaltung geboten. F\u00fcr Getr\u00e4nke und Snacks von Bockwurst bis Cr\u00eapes war ebenfalls wieder gesorgt. Jugendwart Patrick koordinierte und leitete das Wettkampfgeschehen. Unterst\u00fctzt wurde er hierbei vom Trainerteam Andreas, Roel, Daniel, Alex und Christian. In vier Gruppen (zwei 7er und zwei 6er) wurden im Modus Jeder-gegen-Jeden spannende Duelle ausgetragen. Die Halbfinals bestritten Tim gegen Colin und Philipp gegen Collin. Ins Finale an der kleinen Platte schafften es Tim und Collin. Tim konnte das Spiel in zwei S\u00e4tzen f\u00fcr sich entscheiden und gewann die kleine Siegertroph\u00e4e. Bei der Siegerehrung bekam jeder Teilnehmer eine Weihnachtsschokot\u00fcte und durfte sich am Tombolatisch weitere Pr\u00e4sente aussuchen.<\/p>\n\n\n\n<p>Die 26 Teilnehmer waren: Tim Seggelke, Collin Vogt, Colin Schimke, Philipp Einenkel, Frieda Beckmann, Jayden Ryan Mohr, Jean Kranig, Henry Schipper, Hans Schulze, Jannis Herrmann, Jan Seggelke, Johannes Beckmann, Moritz Bley, Felix Str\u00fch, Carlo Dahlke, Fenja Pinkepank, Erik Schulze, Benedikt Bien, Carlotta Schimke, Romke Tiekstra, Luca Solga, Jonas Spie\u00dfl, Finn Stute, Dana Bien, Greta-Sophie Jordan und Yannik Rei\u00dfmann.<\/p>\n\n\n\n<p class=\"has-text-align-center\">_ _ _<\/p>\n\n\n\n<p class=\"has-text-align-center\"><em>Teilnehmer des Mini-Turniers 2025<\/em><\/p>\n\n\n\n<figure class=\"wp-block-image size-large\"><a href=\"https:\/\/www.noisy-edv.de\/TTC\/wordpress\/wp-content\/uploads\/2025\/12\/mini-25.jpg\"><img loading=\"lazy\" decoding=\"async\" width=\"1024\" height=\"673\" src=\"https:\/\/www.noisy-edv.de\/TTC\/wordpress\/wp-content\/uploads\/2025\/12\/mini-25-1024x673.jpg\" alt=\"\" class=\"wp-image-5242\" srcset=\"https:\/\/www.noisy-edv.de\/TTC\/wordpress\/wp-content\/uploads\/2025\/12\/mini-25-1024x673.jpg 1024w, https:\/\/www.noisy-edv.de\/TTC\/wordpress\/wp-content\/uploads\/2025\/12\/mini-25-300x197.jpg 300w, https:\/\/www.noisy-edv.de\/TTC\/wordpress\/wp-content\/uploads\/2025\/12\/mini-25-768x505.jpg 768w, https:\/\/www.noisy-edv.de\/TTC\/wordpress\/wp-content\/uploads\/2025\/12\/mini-25-1536x1010.jpg 1536w, https:\/\/www.noisy-edv.de\/TTC\/wordpress\/wp-content\/uploads\/2025\/12\/mini-25-2048x1346.jpg 2048w, https:\/\/www.noisy-edv.de\/TTC\/wordpress\/wp-content\/uploads\/2025\/12\/mini-25-456x300.jpg 456w\" sizes=\"auto, (max-width: 1024px) 100vw, 1024px\" \/><\/a><\/figure>\n","protected":false},"excerpt":{"rendered":"<p>Das Mini-Turnier fand zum 16. Mal statt und wurde am Freitag, den 12. Dezember 2025, ausgetragen. Der Einladung folgten 26 Kinder und Jugendliche des Vereins. So viele wie noch nie zuvor! Erfreulicherweise waren auch viele Eltern anwesend. Der Spa\u00df bei &hellip; <a href=\"https:\/\/www.noisy-edv.de\/TTC\/wordpress\/?page_id=5237\">Weiterlesen <span class=\"meta-nav\">&rarr;<\/span><\/a><\/p>\n","protected":false},"author":1,"featured_media":0,"parent":63,"menu_order":3,"comment_status":"closed","ping_status":"closed","template":"","meta":{"footnotes":""},"class_list":["post-5237","page","type-page","status-publish","hentry"],"_links":{"self":[{"href":"https:\/\/www.noisy-edv.de\/TTC\/wordpress\/index.php?rest_route=\/wp\/v2\/pages\/5237","targetHints":{"allow":["GET"]}}],"collection":[{"href":"https:\/\/www.noisy-edv.de\/TTC\/wordpress\/index.php?rest_route=\/wp\/v2\/pages"}],"about":[{"href":"https:\/\/www.noisy-edv.de\/TTC\/wordpress\/index.php?rest_route=\/wp\/v2\/types\/page"}],"author":[{"embeddable":true,"href":"https:\/\/www.noisy-edv.de\/TTC\/wordpress\/index.php?rest_route=\/wp\/v2\/users\/1"}],"replies":[{"embeddable":true,"href":"https:\/\/www.noisy-edv.de\/TTC\/wordpress\/index.php?rest_route=%2Fwp%2Fv2%2Fcomments&post=5237"}],"version-history":[{"count":4,"href":"https:\/\/www.noisy-edv.de\/TTC\/wordpress\/index.php?rest_route=\/wp\/v2\/pages\/5237\/revisions"}],"predecessor-version":[{"id":5264,"href":"https:\/\/www.noisy-edv.de\/TTC\/wordpress\/index.php?rest_route=\/wp\/v2\/pages\/5237\/revisions\/5264"}],"up":[{"embeddable":true,"href":"https:\/\/www.noisy-edv.de\/TTC\/wordpress\/index.php?rest_route=\/wp\/v2\/pages\/63"}],"wp:attachment":[{"href":"https:\/\/www.noisy-edv.de\/TTC\/wordpress\/index.php?rest_route=%2Fwp%2Fv2%2Fmedia&parent=5237"}],"curies":[{"name":"wp","href":"https:\/\/api.w.org\/{rel}","templated":true}]}}